 5604?
5
What is the hundreds digit of 605?
6
What is the hundreds digit of 1644?
6
What is the tens digit of 801?
0
What is the units digit of 25089?
9
What is the units digit of 1809?
9
What is the units digit of 4670?
0
What is the hundreds digit of 3048?
0
What is the tens digit of 29573?
7
What is the units digit of 196?
6
What is the ten thousands digit of 82077?
8
What is the hundreds digit of 20106?
1
What is the tens digit of 793?
9
What is the thousands digit of 5231?
5
What is the tens digit of 9349?
4
What is the tens digit of 17?
1
What is the ten thousands digit of 35814?
3
What is the thousands digit of 1456?
1
What is the tens digit of 1517?
1
What is the units digit of 25636?
6
What is the units digit of 1898?
8
What is the hundreds digit of 2119?
1
What is the thousands digit of 3361?
3
What is the hundreds digit of 2370?
3
What is the tens digit of 1870?
7
What is the tens digit of 96?
9
What is the tens digit of 2362?
6
What is the hundreds digit of 1332?
3
What is the tens digit of 44007?
0
What is the tens digit of 37331?
3
What is the thousands digit of 19201?
9
What is the hundreds digit of 9722?
7
What is the thousands digit of 9876?
9
What is the hundreds digit of 64555?
5
What is the units digit of 1048?
8
What is the hundreds digit of 18382?
3
What is the thousands digit of 2747?
2
What is the ten thousands digit of 50814?
5
What is the tens digit of 25?
2
What is the units digit of 29487?
7
What is the thousands digit of 193968?
3
What is the tens digit of 3539?
3
What is the tens digit of 9906?
0
What is the ten thousands digit of 13113?
1
What is the thousands digit of 20143?
0
What is the hundreds digit of 3454?
4
What is the tens digit of 2626?
2
What is the units digit of 19907?
7
What is the units digit of 50977?
7
What is the tens digit of 68643?
4
What is the hundreds digit of 52493?
4
What is the tens digit of 84665?
6
What is the thousands digit of 29392?
9
What is the thousands digit of 29229?
9
What is the ten thousands digit of 73866?
7
What is the tens digit of 799?
9
What is the units digit of 1813?
3
What is the tens digit of 9451?
5
What is the hundreds digit of 178?
1
What is the hundreds digit of 923?
9
What is the tens digit of 760?
6
What is the thousands digit of 1031?
1
What is the thousands digit of 11496?
1
What is the tens digit of 5775?
7
What is the thousands digit of 1654?
1
What is the thousands digit of 8214?
8
What is the units digit of 2727?
7
What is the tens digit of 64912?
1
What is the units digit of 11717?
7
What is the thousands digit of 25758?
5
What is the units digit of 776?
6
What is the units digit of 1965?
5
What is the tens digit of 5829?
2
What is the tens digit of 380?
8
What is the hundreds digit of 16576?
5
What is the units digit of 23332?
2
What is the tens digit of 24460?
6
What is the tens digit of 1986?
8
What is the hundreds digit of 9009?
0
What is the thousands digit of 40043?
0
What is the ten thousands digit of 27375?
2
What is the thousands digit of 51949?
1
What is the hundreds digit of 13646?
6
What is the units digit of 15845?
5
What is the hundreds digit of 3930?
9
What is the tens digit of 656?
5
What is the tens digit of 2350?
5
What is the tens digit of 1534?
3
What is the tens digit of 7363?
6
What is the thousands digit of 2137?
2
What is the hundreds digit of 392?
3
What is the hundreds digit of 19856?
8
What is the ten thousands digit of 49688?
4
What is the tens digit of 17821?
2
What is the tens digit of 20993?
9
What is the thousands digit of 6507?
6
What is the hundreds digit of 1203?
2
What is the hundreds digit of 40702?
7
What is the units digit of 2841?
1
What is the thousands digit of 1179?
1
What is the units digit of 159562?
2
What is the tens digit of 449?
4
What is the hundreds digit of 893?
8
What is the tens digit of 872?
7
What is the thousands digit of 2125?
2
What is the tens digit of 59321?
2
What is the thousands digit of 61943?
1
What is the hundreds digit of 999?
9
What is the hundreds digit of 130?
1
What is the thousands digit of 7045?
7
What is the units digit of 8483?
3
What is the units digit of 1435?
5
What is the units digit of 19732?
2
What is the units digit of 6721?
1
What is the tens digit of 14427?
2
What is the tens digit of 107071?
7
What is the units digit of 12766?
6
What is the tens digit of 10738?
3
What is the tens digit of 32110?
1
What is the ten thousands digit of 10232?
1
What is the thousands digit of 15477?
5
What is the tens digit of 762?
6
What is the hundreds digit of 7867?
8
What is the units digit of 1501?
1
What is the tens digit of 72334?
3
What is the tens digit of 4206?
0
What is the tens digit of 115578?
7
What is the hundreds digit of 545?
5
What is the units digit of 355?
5
What is the thousands digit of 3590?
3
What is the tens digit of 86879?
7
What is the tens digit of 3743?
4
What is the tens digit of 4036?
3
What is the tens digit of 23801?
0
What is the units digit of 25983?
3
What is the tens digit of 388?
8
What is the hundreds digit of 2446?
4
What is the units digit of 66083?
3
What is the units digit of 2114?
4
What is the hundreds digit of 331?
3
What is the units digit of 2698?
8
What is the tens digit of 758?
5
What is the tens digit of 2379?
7
What is the thousands digit of 11205?
1
What is the units digit of 14094?
4
What is the hundreds digit of 80785?
7
What is the units digit of 542?
2
What is the units digit of 3357?
7
What is the tens digit of 7484?
8
What is the hundreds digit of 5309?
3
What is the tens digit of 5135?
3
What is the hundreds digit of 24790?
7
What is the thousands digit of 1192?
1
What is the tens digit of 11?
1
What is the tens digit of 11255?
5
What is the tens digit of 28154?
5
What is the hundreds digit of 873?
8
What is the thousands digit of 45620?
5
What is the tens digit of 137260?
6
What is the tens digit of 222?
2
What is the tens digit of 8563?
6
What is the units digit of 2356?
6
What is the hundred thousands digit of 166033?
1
What is the thousands digit of 9606?
9
What is the hundreds digit of 9848?
8
What is the hundreds digit of 7156?
1
What is the hundreds digit of 77497?
4
What is the hundreds digit of 2765?
7
What is the thousands digit of 15272?
5
What is the units digit of 7722?
2
What is the units digit of 543?
3
What is the thousands digit of 31728?
1
What is the tens digit of 3684?
8
What is the units digit of 400?
0
What is the ten thousands digit of 25709?
2
What is the tens digit of 1699?
9
What is the tens digit of 676?
7
What is the tens digit of 1141?
4
What is the units digit of 22150?
0
What is the units digit of 2582?
2
What is the tens digit of 7140?
4
What is the units digit of 19008?
8
What is the hundreds digit of 4670?
6
What is the units digit of 1546?
6
What is the units digit of 183?
3
What is the units digit of 27043?
3
What is the units digit of 247?
7
What is the units digit of 791?
1
What is the tens digit of 2336?
3
What is the hundreds digit of 17276?
2
What is the ten thousands digit of 42586?
4
What is the tens digit of 11125?
2
What is the ten thousands digit of 29322?
2
What is the hundreds digit of 378?
3
What is the hundreds digit of 15191?
1
What is the hundreds digit of 887?
8
What is the hundreds digit of 1074?
0
What is the tens digit of 54414?
1
What is the hundreds digit of 20587?
5
What is the tens digit of 3901?
0
What is the ten thousands digit of 186309?
8
What is the units digit of 109?
9
What is the tens digit of 420?
2
What is the thousands digit of 74569?
4
What is the hundreds digit of 23013?
0
What is the tens digit of 569?
6
What is the units digit of 746?
6
What is the units digit of 761?
1
What is the units digit of 7271?
1
What is the ten thousands digit of 112828?
1
What is the thousands digit of 4808?
4
What is the thousands digit of 82496?
2
What is the hundreds digit of 13584?
5
What is the thousands digit of 3065?
3
What is the thousands digit of 45571?
5
What is the units digit of 1673?
3
What is the hundreds digit of 676?
6
What is the hundreds digit of 23356?
3
What is the tens digit of 2662?
6
What is the tens digit of 3711?
1
What is the tens digit of 62413?
1
What is the units digit of 785?
5
What is the units digit of 4167?
7
What is the hundreds digit of 1657